{"id":104,"date":"2022-04-14T14:42:34","date_gmt":"2022-04-14T11:42:34","guid":{"rendered":"http:\/\/www.mansenekotarhuri.fi\/?page_id=104"},"modified":"2025-03-06T21:07:25","modified_gmt":"2025-03-06T19:07:25","slug":"yritys","status":"publish","type":"page","link":"https:\/\/www.mansenekotarhuri.fi\/?page_id=104","title":{"rendered":"Yritys"},"content":{"rendered":"\n<p>Mansen Ekotarhuri aloitti toimintansa kev\u00e4\u00e4ll\u00e4 2022. Halusimme perustaa puutarhuriyrityksen, joka laittaa ykk\u00f6ssijalle l\u00e4hiluonnon eli\u00f6ineen. Puutarhat ja pihat ovat osa kaupunkiluontoa ja haluamme tukea sen monimuotoisuutta. Pyrimme tuomaan puutarhakulttuuriin enemm\u00e4n iloa, rentoutta ja uudenlaista kauneusk\u00e4sityst\u00e4.<\/p>\n\n\n\n<p>Mansen Ekotarhuri on osa <a href=\"https:\/\/lilith.fi\" data-type=\"URL\" data-id=\"http:\/\/www.luonnoste.fi\/\">osuuskunta Lilithi\u00e4<\/a> (y-tunnus 1083883-5). <\/p>\n\n\n\n<p>Laskut Mansen Ekotarhurin asiakkaille tulevat osuuskunta Lilithilt\u00e4.<\/p>\n\n\n\n<p><\/p>\n","protected":false},"excerpt":{"rendered":"<p>Mansen Ekotarhuri aloitti toimintansa kev\u00e4\u00e4ll\u00e4 2022. Halusimme perustaa puutarhuriyrityksen, joka laittaa ykk\u00f6ssijalle l\u00e4hiluonnon eli\u00f6ineen. Puutarhat ja pihat ovat osa kaupunkiluontoa ja haluamme tukea sen monimuotoisuutta. Pyrimme tuomaan puutarhakulttuuriin enemm\u00e4n iloa, rentoutta ja uudenlaista kauneusk\u00e4sityst\u00e4. Mansen Ekotarhuri on osa osuuskunta Lilithi\u00e4 (y-tunnus 1083883-5). Laskut Mansen Ekotarhurin asiakkaille tulevat osuuskunta Lilithilt\u00e4.<\/p>\n","protected":false},"author":1,"featured_media":0,"parent":0,"menu_order":0,"comment_status":"closed","ping_status":"closed","template":"","meta":{"footnotes":""},"class_list":["post-104","page","type-page","status-publish","hentry"],"_links":{"self":[{"href":"https:\/\/www.mansenekotarhuri.fi\/index.php?rest_route=\/wp\/v2\/pages\/104","targetHints":{"allow":["GET"]}}],"collection":[{"href":"https:\/\/www.mansenekotarhuri.fi\/index.php?rest_route=\/wp\/v2\/pages"}],"about":[{"href":"https:\/\/www.mansenekotarhuri.fi\/index.php?rest_route=\/wp\/v2\/types\/page"}],"author":[{"embeddable":true,"href":"https:\/\/www.mansenekotarhuri.fi\/index.php?rest_route=\/wp\/v2\/users\/1"}],"replies":[{"embeddable":true,"href":"https:\/\/www.mansenekotarhuri.fi\/index.php?rest_route=%2Fwp%2Fv2%2Fcomments&post=104"}],"version-history":[{"count":9,"href":"https:\/\/www.mansenekotarhuri.fi\/index.php?rest_route=\/wp\/v2\/pages\/104\/revisions"}],"predecessor-version":[{"id":453,"href":"https:\/\/www.mansenekotarhuri.fi\/index.php?rest_route=\/wp\/v2\/pages\/104\/revisions\/453"}],"wp:attachment":[{"href":"https:\/\/www.mansenekotarhuri.fi\/index.php?rest_route=%2Fwp%2Fv2%2Fmedia&parent=104"}],"curies":[{"name":"wp","href":"https:\/\/api.w.org\/{rel}","templated":true}]}}